d?
91
Suppose 0 = -p - 4*z - 11, -4 = -4*z - 20. Suppose -2*t + 291 = 2*t + 3*q, 0 = -p*t - 4*q + 365. What is the greatest common divisor of t and 276?
69
Let d = 68 + -22. Let i = -42 + d. Let q be ((-256)/10)/(i/(-10)). Calculate the greatest common factor of 8 and q.
8
Suppose 0 = 5*c - 4*q - 202, 4*c - 2*c + 2*q - 88 = 0. Let j be c/10 + ((-4)/20)/1. Let y be (-12)/j + 0 + 6. Calculate the highest common divisor of y and 57.
3
Suppose 4*b = -5 + 17, -2*b = h + 192. Suppose -5*a + 253 + 1507 = 0. Let o = h + a. Calculate the greatest common factor of o and 22.
22
Let b = 140 + -107. Suppose -p - 8 - 1 = -5*z, -3*p - 5*z + b = 0. What is the highest common factor of 30 and p?
6
Suppose 156 = 7*y - 4*y. Suppose -130 = -2*n + 2*g, 4*g - 121 = -2*n + 9. Calculate the greatest common divisor of n and y.
13
Let q(g) = 22*g**2 - 30*g + 50. Let v be q(2). Calculate the greatest common divisor of v and 6630.
78
Suppose 0 = 2*h + 10, 315 = 33*z - 28*z - 3*h. Calculate the highest common factor of z and 1270.
10
Suppose -79*c - 75*c = -156*c + 96. What is the greatest common divisor of c and 2628?
12
Let w be ((-1360)/(-30))/(12/36). Calculate the greatest common divisor of 88 and w.
8
Let r be -8*(-2 - -8)*12/(-48). Let z(c) = -12*c + 161. Let h be z(r). Let a be 0 + 188 - (-1)/(-1). What is the highest common divisor of a and h?
17
Let k(i) = -7*i + 38. Let z be k(5). Let f be (120/(-32))/(z/(-36) + 0). Let p(m) = 16*m - 1. Let a be p(1). What is the highest common factor of f and a?
15
Suppose -69*u = -22*u + 282. Let t be 1530/68*(-4)/u. Calculate the highest common factor of 240 and t.
15
Let m be 263 + 4 + 5/(-5) + 2. Suppose -i + 523 = m. What is the greatest common divisor of 51 and i?
51
Suppose -5*v + 19*v = -112. Let k be 1898/286 - v/22. Suppose o - 9 - 47 = 0. Calculate the highest common divisor of o and k.
7
Suppose 3*g - 26 = -2*f, -139*f + g = -136*f - 39. Let b(v) = -51*v + 1. Let q be b(-1). What is the greatest common factor of q and f?
13
Let w = -586 + 568. Let k be (6/(-4))/(w/396). What is the greatest common factor of k and 12?
3
Suppose 0*i - 3*i = 5*r - 12, -5*r = 5*i - 10. Let q(o) = 8 - o + 5*o + r*o + 46. Let n be q(-6). Calculate the highest common divisor of n and 66.
6
Suppose -h + 5*h - 12 = 0. Let t(n) = -2*n**2 + 4*n - 3. Let q be t(h). Let j be (-1)/(-3) - 3318/q. Calculate the greatest common factor of 41 and j.
41
Let a be 16 + 160/(-16) + 654. What is the greatest common divisor of a and 150?
30
Let s be 0*2*1/(-2). Suppose r - 3*k - 30 = s, 0 = -0*r + 5*r - 3*k - 198. Let p = 48 + -34. Calculate the greatest common divisor of r and p.
14
Suppose -5*k + 165 = -3*u - 3*k, -5*u + k - 268 = 0. Let q = u + 58. Let g be (4 - 1) + (q - 3). What is the greatest common factor of 55 and g?
5
Let h be -111 - (-1)/(-3)*-3. Let c = -56 - h. What is the highest common factor of c and 18?
18
Let i(o) = 30*o - 990. Let m be i(47). Calculate the highest common factor of 357 and m.
21
Let j(z) = 4*z**3 - 242*z**2 - 118*z - 144. Let k be j(61). Calculate the highest common factor of 15 and k.
5
Let r = -56 + 76. Suppose -2*p + r = 2*w, 0*w - 15 = p - 4*w. Suppose -p*l = -j - 28, 13 + 3 = 5*l + 3*j. Calculate the highest common factor of 2 and l.
1
Let p(x) = 4*x**2 + 80*x - 96. Let w be p(16). Calculate the greatest common divisor of 138 and w.
138
Let k be (1 - (2 - 3))/2. Let g = k + 1. Let f be g/3 + (-240)/(-18). What is the greatest common divisor of f and 112?
14
Suppose 0 = 13*x - 60819 - 30103. What is the greatest common divisor of x and 13?
13
Suppose 2*w = -0*a - a, 2*w = -2. Suppose -k - a*k = 5*p + 26, -4*k = 4*p + 24. Let o be 2/12*k*-39. Calculate the greatest common divisor of 117 and o.
13
Let c(f) = 1824*f + 80352. Let j be c(-44). Suppose 0 = d - 2*d + 36. What is the highest common divisor of d and j?
12
Let v be -1*0/(-3) - -40. Let f(q) = -q**2 - 12*q - 122. Let o be f(-16). Let x = o + 194. Calculate the greatest common factor of v and x.
8
Suppose 41*z = 21*z + 180. Suppose 12 = 3*l - f, 0 = 2*l + 18*f - 19*f - z. Calculate the highest common divisor of 222 and l.
3
Let f = 124 + -244. Let c = f - -137. Let z = 58 + 95. What is the highest common divisor of z and c?
17
Let f be 111/296*40/6*208/20. Calculate the greatest common divisor of f and 4069.
13
Let p(d) = -d**3 + 35*d**2 - 75*d + 87. Let c be p(32). What is the greatest common divisor of 33 and c?
33
Let d be (-3)/((-27)/(-2)) - 1315920/(-2160). Calculate the greatest common factor of 21 and d.
21
Let l = -58717 + 85821. Calculate the highest common divisor of l and 22.
22
Let o be (-5 + 0)/((-70)/28). Let m = 6 - o. Calculate the highest common factor of 52 and m.
4
Suppose -551 = -2*i + 47. Let f(m) = 2*m**3 + 22*m**2 - 2*m + 1. Let d be f(-11). What is the highest common divisor of i and d?
23
Let j(f) = f**2 + 67*f + 1231. Let y be j(-61). Calculate the highest common divisor of y and 2249.
173
Let a(k) = 2*k**2 - 2*k + 2. Let u be a(2). Suppose 30 = 2*v + 2*i + 28, v + 6*i = -24. Calculate the greatest common divisor of v and u.
6
Suppose 5 = -2*a + 9. Suppose 0 = a*u - 1134 - 2218. Let o be u/22 - 6*(-3)/(-99). Calculate the greatest common divisor of 19 and o.
19
Let v be 6181 + 20/(-15)*9. Calculate the highest common factor of v and 31.
31
Suppose -4*f + 6*f = 4*m + 182, 91 = f - 5*m. Suppose 6*p - 49 = -p. Calculate the highest common divisor of f and p.
7
Let a be ((-208)/(-28))/(22/385). Suppose -3*r = r - 1300. What is the greatest common factor of a and r?
65
Let c be (-990)/(-50) + (-1)/(-5). Suppose 4*y - 4*p = 12 + 4, 2*y - 8 = -p. Calculate the highest common factor of y and c.
4
Let x be (-2 - (-713 - -1))/((-1615)/136 + 12). What is the highest common divisor of x and 80?
80
Let q = 70 - 69. Let h = 48 - q. Calculate the highest common factor of 329 and h.
47
Let j = 8668 + -2969. What is the greatest common factor of j and 41?
41
Let f be (-2467 + 9)*-1 + -10. Calculate the greatest common factor of f and 576.
144
Suppose 0 = -24*u + 3196 - 748. Calculate the greatest common divisor of u and 5882.
34
Let o = 16 + -8. Suppose o*x - 49 = 71. Let r = 147 - 127. What is the highest common factor of x and r?
5
Suppose -15*y = 2033 - 7298. Calculate the greatest common divisor of 26 and y.
13
Suppose -370620 = -16*f - 126*f. Calculate the highest common divisor of f and 90.
90
Let y(w) = -4*w**3 - 3*w**2 - 14*w + 15. Let a be y(-6). Calculate the greatest common divisor of a and 380.
95
Let q = 8222 + -8111. Calculate the highest common factor of q and 3552.
111
Let m be 28/(-42) + -3*58/(-18). Suppose 0 = f + m*f - 180. What is the greatest common divisor of f and 486?
18
Let b(p) = 8*p + 12. Let o be b(-1). Suppose -o*v = 19*v - 11730. What is the greatest common factor of v and 60?
30
Let n(i) = 0*i**2 + 395 - 34*i - 450 - i**2. Let s be n(-30). What is the greatest common factor of s and 260?
65
Let x be (-4556)/85*(2/(-6))/((-54)/(-1215)). What is the greatest common divisor of x and 306?
6
Let d = 22557 - 21075. Calculate the greatest common divisor of 312 and d.
78
Suppose -695*f + 4644 = -689*f. Calculate the highest common factor of 430 and f.
86
Suppose 675004 = -177*f + 345*f - 124*f. What is the highest common divisor of 29 and f?
29
Let b(c) = -5*c - 147. Let g be b(9). Let v = -124 - g. What is the highest common divisor of v and 884?
68
Suppose -912 - 804 = -26*x. Calculate the greatest common factor of 7986 and x.
66
Suppose -5*l = v - 5 - 100, 4*v + 4*l = 340. Let t = -274 + 494. Suppose -9*d - 2*d + t = 0. Calculate the highest common factor of d and v.
20
Let b be (0 - -4 - -3) + -1. Let n be (4/b)/((-2)/(-27)). Let i be (n*(-3)/6)/(15/(-20)). What is the highest common factor of i and 10?
2
Let b be (-1)/((-42)/18) - 34/14. Let f be (b - 1)/(12/(-728)). Let t(k) = -5*k - 16. Let h be t(-6). Calculate the greatest common factor of f and h.
14
Suppose -4*t - 3*t = -4*t. Suppose -s + 2 = -t*s. Let w be ((-8)/20 + s)*(5 - 0). What is the highest common divisor of w and 16?
8
Let v = -7 + 18. Let r(d) = -d + 50 + 14*d - 3*d - 3*d. Let g be r(-7). Calculate the highest common divisor of g and v.
1
Let w be 3/(-12) - 21/(-4). Let l be (-2)/((-60)/126) - 1/w. Suppose -z + 305 = 4*k - 374, -l*k + 709 = -5*z. What is